m(a) = -a**2 - a + 1. Calculate m(n).
-5
Let f(k) = -k**2 + 2*k + 5. Suppose 3*j - 4 = 35. Suppose n - j = -3*g, 0 = 5*g - 2*n - 3*n - 15. Give f(g).
-3
Let g(c) = c**2 + 5*c - 2. Suppose 0 = -x - 4*x - 25. Let z be g(x). Let q(h) = 2*h**3 + 2*h**2 - 3*h - 2. Determine q(z).
-4
Suppose k + 4*v = -v - 6, 0 = -2*k + v - 1. Let g(c) = -7*c + 1. Determine g(k).
8
Let r(i) = i - 10*i**3 + 9*i**3 - 5*i**2 + 14 - 6 + 9*i. Give r(-6).
-16
Let y(u) = -u + 4. Let z(q) = -4*q**2 - q + 1. Let a be z(1). Let x(f) = 7 - 4*f - 3 + 4*f - f. Let v(c) = a*x(c) + 3*y(c). Calculate v(4).
0
Let g(c) = c + 1. Let b(q) be the second derivative of -q**3/6 - q**2 + q. Let o be b(-2). Calculate g(o).
1
Suppose -6*q = -q - 35. Let h(u) = -2*u + 4. Determine h(q).
-10
Let n be (12/10)/(24/60). Let f(w) = -w**2 - w + 4. Give f(n).
-8
Let a(h) = 0*h**2 + h**2 - 8 - 4*h + 10*h. What is a(-7)?
-1
Let u(i) = 2*i + 2. Let g be -2*1 - (-3 + 1). Suppose -6*m + 2*m = g. Suppose 2*r = -2*q - 16, m = -4*r - 3*q - 17 - 11. Calculate u(r).
-6
Let r(z) be the first derivative of -z**2/2 - 8*z + 2. Let f(x) = -x**2 + 4*x - 3. Let b be f(3). Calculate r(b).
-8
Let h(l) = -l + 7. Let k be h(4). Let z(b) = -b**2 + 3*b + 3. Let q be z(k). Suppose -s - q = -0*s. Let c(m) = -2*m - 2. What is c(s)?
4
Let m be 1 + -1 + -1 + 3. Let i(s) = -3 - s**2 - 2 + 2 + m + 2*s. Let k be (21/(-6) - -3)*-2. What is i(k)?
0
Let v(w) be the first derivative of -4*w**3/3 + w**2/2 + w - 7. Let n = 1 - 2. What is v(n)?
-4
Let x(s) = s**3 + s**2 - 3*s - 2. Suppose -1 = d + p, -4*d - 3*p = -4*p - 11. Suppose 4*z - 4*b + 9 = 5*z, 6 = d*b. Give x(z).
-11
Let k(o) = 16*o**2 - 5*o + 3. Let u(v) = -5*v**2 + 2*v - 1. Let b(r) = 4*k(r) + 11*u(r). Determine b(-1).
8
Let i(f) = -f**3 + 7*f**2 - 6*f + 3. Let b be i(6). Let a(u) = 2*u - b*u + 2 - 3 + 3. Suppose l - 4 = -0. What is a(l)?
-2
Let a be (-721)/(-35) + 4/10. Let o = 29 - a. Suppose o = -2*u, -l = 2*l - 4*u - 22. Let j(s) = 2*s**3 - 4*s**2 + 4*s - 3. What is j(l)?
5
Let f(d) be the second derivative of 5/6*d**3 + 2*d + 1/20*d**5 + 7/2*d**2 + 0 + 1/2*d**4. Let y = -17 + 12. Give f(y).
7
Let v be -3*((-20)/(-15))/(-4). Let k(y) be the third derivative of y**5/60 - y**3/6 - y**2. Determine k(v).
0
Let p(m) = m**2 - m + 1. Let o(z) = 7*z**2 - 15*z + 13. Let x(b) = -o(b) + 6*p(b). Give x(8).
1
Suppose 0*f + 4*f = -12. Let g(w) = -w**2 - 4*w + 1. Calculate g(f).
4
Suppose -o = -i - 3, -3*o + 8 = i + 31. Let g(m) = -m**3 - 7*m**2 + 8*m - 5. What is g(i)?
-5
Let u(l) = -3*l + 1. Let o be u(3). Let k(b) = -b**2 - 8*b + 5. Let n be k(o). Let q(w) = w**2 - 8*w + 7. What is q(n)?
-8
Let f(y) be the second derivative of -y**4/12 - y**3 + y**2/2 - 16*y. Give f(-6).
1
Suppose -1 = -x - d, -3*x + 3 = -4*d - 0. Let t(o) = -14*o**2 + 2*o - 6. Let i(k) = -13*k**2 + 2*k - 5. Let p(v) = 5*i(v) - 4*t(v). Give p(x).
-8
Let x(u) be the second derivative of -u**5/120 + u**4/24 - 2*u**3/3 + 3*u. Let g(v) be the second derivative of x(v). Determine g(3).
-2
Let q(s) = 8*s**2 - s. Let l = -25 - -30. Let p = 1 - -2. Suppose -x - 2*k = -p*x, 3*x - l*k = -2. Give q(x).
7
Suppose 5*u = -0 - 20. Let j(d) be the second derivative of -3*d + 5/12*d**4 + 2*d**2 + 0 + 1/20*d**5 + 2/3*d**3. Determine j(u).
4
Suppose -r - 2 = -0. Let w(b) be the second derivative of -b**3/2 - b**2 - 4*b. Give w(r).
4
Let k(h) = 2 - h**2 + h - 6 + 0*h. Determine k(0).
-4
Let l(i) = -i**2 - 3*i + 3. Let v = -3 + 0. Calculate l(v).
3
Let p(n) be the second derivative of 13*n**3/6 - n**2/2 - 3*n. What is p(1)?
12
Let b = 2 - 8. Let r(o) = o + 9. What is r(b)?
3
Let m = 43 - 36. Let n(y) = y**2 - 6*y - 6. Give n(m).
1
Let u be (-5 - 2/(-2)) + 1. Let p = 8 + -5. Let j(h) = 5*h + h**3 + 2 + h**p + 4*h**2 - h**3. What is j(u)?
-4
Let x = 32 + -31. Let a(o) = -3*o**3 + 2*o - 1. What is a(x)?
-2
Let w = -8 + 13. Suppose 0*q - w*q + 15 = 0. Let i(r) = r - r - q*r + 4*r. Calculate i(2).
2
Let q(m) be the second derivative of 3/2*m**2 + 1/120*m**6 + 0 - 1/2*m**3 - m + 1/6*m**4 - 1/30*m**5. Let v(j) be the first derivative of q(j). What is v(2)?
5
Suppose -2*f - 3*f + 5*a = 10, 0 = -4*f - a + 17. Let l(i) = 3 - i**2 - 3 + 7*i - f - 6. Determine l(6).
-3
Let v(s) = -s - 2. Let k(b) = b**2 - 13*b + 2. Let u be k(13). Determine v(u).
-4
Let u(x) be the third derivative of 1/24*x**4 + 0*x + 0 + 1/6*x**3 - 9*x**2. Determine u(-4).
-3
Let j(p) = -5*p + 1. Let x(g) = 24*g - 6. Let r(k) = -14*j(k) - 3*x(k). What is r(3)?
-2
Let j be (-3)/9 - 32/(-6). Let o(m) = 7*m + 1. Let r(h) = -8*h - 1. Let z(a) = -7*o(a) - 6*r(a). Calculate z(j).
-6
Let h(c) = -c**3 + c**2 - 7. Let b be h(0). Let r(m) = m**3 + 8*m**2 + 5*m - 10. Determine r(b).
4
Suppose -2*h = -3*h - 1. Let t(s) be the third derivative of 0 + 2*s**2 + 1/6*s**3 + 1/24*s**4 - 1/12*s**5 + 0*s. Give t(h).
-5
Let w(c) = -c**2 + 2*c + 2. Let a(x) = -x**2 + 3*x + 3. Let h(t) = -5*a(t) + 4*w(t). Calculate h(9).
11
Suppose -x = -6*x. Let g(q) be the third derivative of 0*q - 1/24*q**4 - 2*q**3 - 12*q**2 + 0. Determine g(x).
-12
Let l(j) be the second derivative of -j**3/3 - 3*j**2 + 25*j. Let p(q) = 3*q + 13 + 5*q - 4*q. Let f(w) = 5*l(w) + 3*p(w). Give f(-6).
-3
Let j(a) = 6*a + 3. Let f(u) = 13*u + 7. Let b(w) = 4*f(w) - 9*j(w). Let l be b(3). Let y(m) = -m**3 - 5*m**2 + m + 5. Calculate y(l).
0
Let a(w) = 4*w**2 - 3 + 7*w + 2 + 2*w - 1. Let v(l) = -3*l**2 - 8*l + 1. Let p(t) = 2*a(t) + 3*v(t). Determine p(-5).
4
Let k(l) be the third derivative of l**9/60480 - l**8/5040 + l**7/1008 - l**6/360 + l**5/20 + 2*l**2. Let v(y) be the third derivative of k(y). Give v(3).
4
Let o(x) = -x**3 + 4*x**2 + 6*x - 7. Let v be ((-3)/(-6))/((-2)/8). Let g(y) = y**2 + y. Let u be g(v). Suppose 5*t - 5 = 7*p - u*p, 5*p = 4*t. What is o(t)?
-2
Let j(d) = -6*d + 3. Let x(r) be the second derivative of -5*r**3/6 + 3*r**2/2 - 5*r. Let f(l) = -4*j(l) + 5*x(l). Determine f(4).
-1
Let i(s) be the third derivative of -s**4/24 - 2*s**2. Let r(g) = -2*g - 2 + 0*g + g. Let x be r(-2). What is i(x)?
0
Let n(p) = -p**3 + 11*p**2 - p + 13. Suppose -4*t = 2*l + 3*l - 49, -4*t = -5*l - 39. Calculate n(t).
2
Let i(r) be the second derivative of -r**4/12 + r**3/3 + 3*r**2/2 - 30*r. Give i(4).
-5
Let p be 1/((-4)/10)*2. Let r(h) be the third derivative of -h**6/120 - h**5/15 + h**4/8 - h**3/3 + 7*h**2 + 2*h. Determine r(p).
8
Let o be 1 + 1 + (8 - 8). Let a(g) = g**2 + 2*g**2 + 4*g + 2*g**2 + 3 - 3*g**o. Calculate a(-2).
3
Let b(u) = 6 - u + 6*u - 4*u**2 + u - u**3. Let j be b(-5). Let a(l) = 0 - 3*l + j - 8. Determine a(-5).
8
Let u = -9 - -5. Let i(d) = 6*d + 3. Suppose 4 - 1 = -m. Let n(j) = -7*j - 2. Let l(s) = m*i(s) - 2*n(s). Give l(u).
11
Let x(v) = v + 1. Let p(s) = -6*s - 3. Let z(o) = p(o) + 4*x(o). Calculate z(2).
-3
Suppose 5*g - 5 - 24 = 4*w, -4*g + 16 = 4*w. Suppose -g*l - 6*k = -2*k + 13, 2*k = -3*l - 9. Let m(v) = -v**3 - 4*v**2 + 7*v + 2. Calculate m(l).
-8
Let h(b) = 15*b + 1. Let n(r) = -31*r - 2. Let a(d) = -13*h(d) - 6*n(d). Determine a(-1).
8
Let d(x) = -1. Let n(b) = b - 6. Let m(w) = d(w) + n(w). Let t = -18 - -13. What is m(t)?
-12
Let a = 8 + -4. Suppose 2*h = -5*r + 6 + 7, h - 6 = -2*r. Let o(d) = d**3 + 9. Let z(y) = y**3 - y**2 + y + 8. Let g(i) = h*o(i) - 5*z(i). Determine g(a).
-8
Suppose 0*t = -t. Let c be 0*(-1)/2 - t. Suppose c = r - 5*r + 12. Let a(i) = i**2 - 3*i. Determine a(r).
0
Suppose 2*w = 3*x, -18 = 4*w + 4*x + 22. Let i(y) be the third derivative of -y**6/120 - y**5/10 + y**3 - y**2. What is i(w)?
6
Let y(w) = 1 - 6*w**3 + 1 - 3 - w. Suppose 3 = -2*j - j. Let a = -2 - j. What is y(a)?
6
Let d(l) = -l - 1 - 11*l + 4*l + 3*l. Let p be (-30)/7 - (-2)/7. Let q be -1*2/(p/(-2)). Give d(q).
4
Suppose 5*l + 5 = -3*j - 5, 2*l + 18 = -4*j. Let i(b) be the third derivative of b**5/60 - b**4/24 + 7*b**2. Determine i(l).
0
Let h(t) = -3*t**3 + 2*t + 1. Let l be h(-1). Suppose 2*s = -l*s. Suppose 2*g + u = s, 0 = -2*g - 0*g + u + 4. Let z(p) = -5*p**3 + 2*p - 1. Give z(g).
-4
Let q(o) = -2*o - 1. Let d be 1 + ((-4)/2)/(-2). Suppose 30 = 4*a + 2*w, 5*w = -5*a + 25 + 25. Suppose 3*k - 25 = -d*k - 5*l, -a*l + 23 = 4*k. Calculate q(k).
-5
Let r(p) be the second derivative of -3*p + 3*p**2 + 2/3*p**3 - 1/12*p**4 + 0. Give r(6).
-6
Let c = -946 + 950. Let h(z) be the third derivative of z**6/120 - z*